 = -3*p + 2. What is the tens digit of j(l)?
1
Let n be (-25)/(-1) - 2*1. Let r be (0 - 2) + n + -1. Suppose -m = 4*m - r. What is the units digit of m?
4
Suppose -4*h - 5*v + 370 = -2*v, 3*h + v = 275. What is the units digit of h?
1
Suppose 2*j + 2*z = -3*z - 16, -j - 14 = 4*z. Let w = -9 + 15. What is the units digit of -4 + w + -3 + j?
1
Let w(g) = -g + 4. Let k = 10 + -16. What is the tens digit of w(k)?
1
Let u = 339 - -64. What is the units digit of u?
3
Let x(d) = -2*d - 3. Suppose 4*s = -19 + 7. Let k be x(s). Suppose k*g + 5*r + 13 = g, 4*r + 16 = 4*g. What is the units digit of g?
1
Let u(r) = r**2 + 3*r + 3. Let h be u(-2). Let f be h/(-4)*(-7 + -1). Suppose -2*s + 0 = w - 12, -5*w = f*s - 28. What is the units digit of w?
4
Suppose -10 = -a + i - 0*i, -a - 10 = 3*i. What is the units digit of a?
5
Suppose -5*x + 128 = r, -3*x + 2*r + 58 = -24. Suppose z - x = -3*n, 0 = -3*n + 14 + 1. What is the tens digit of z?
1
Let o(q) = 3*q - 4. Let m be o(3). Suppose 0 = m*g - 323 + 38. What is the units digit of g?
7
Suppose g = l + 6, -5*g + 22 = 2*l + l. What is the units digit of (-35)/l + (2 - -1)?
8
Let q be 2*1*(-8 - -9). Let v(w) = -3*w + 4. Let a be v(3). What is the units digit of (3 - 9)/(q/a)?
5
Suppose 0 = -3*w - w. Suppose w = -2*r - 3*r + 55. Let o = r - 8. What is the units digit of o?
3
Let m = 42 + 131. What is the hundreds digit of m?
1
Let r(i) = -i**3 + 4*i**2 - i + 1. Let j be r(5). What is the units digit of 2/(-8) + j/(-4)?
7
Let o = 5 - -105. What is the units digit of o?
0
Let c(s) = s**2 + 2. Let g be c(0). Suppose -g = -2*j - 0*j. Suppose -2*p = -3*h + 2, -p + 2*h + j = h. What is the units digit of p?
5
Suppose -4*w + 12 = -0*w. What is the units digit of w?
3
Let m be (8/12)/((-2)/3). Suppose -4*k + 0*k + 16 = 0. Let j = k - m. What is the units digit of j?
5
Let o = 12 + -11. What is the units digit of o?
1
Let y be (6 - 1)*36/20. Let x(l) = l**2 - 8*l - 9. Let t be x(y). Suppose 2*m + m - 45 = t. What is the tens digit of m?
1
Suppose -3*d = 2 - 125. Suppose -2*l = 2*l - 20. Suppose 2*h + 5*k - d = 0, k + 20 = l*h - 3*k. What is the units digit of h?
8
Suppose 5 = -m - 3*k, -2*m - 3*m + 3*k + 29 = 0. Suppose 6*d + 25 = d, 0 = 3*f + m*d + 35. Let i = f - -6. What is the units digit of i?
1
Suppose 0 = 4*i + 10 - 38. Suppose -f = 3 - i. Suppose f*k - 4 + 0 = 0. What is the units digit of k?
1
What is the tens digit of 9 + 3/(9/6)?
1
Let g = -15 + 8. Let n be (1 + (3 - 6))*2. Let w = n - g. What is the units digit of w?
3
Let b(o) = -10*o + 30. What is the tens digit of b(-10)?
3
Let i = -13 - -21. Suppose 0 = 5*j + 4*b - 36, b = -j - 1 + i. What is the units digit of j?
8
Let b be (0/((-9)/3))/(-1). Suppose r = 5*k - 48, -2*k - r + 16 - 1 = b. What is the units digit of k?
9
Suppose -2*h = 4*k - 6*h - 108, -5*h + 39 = k. What is the tens digit of k?
2
Let l be (-4)/10 - 10/(-25). Suppose -4*t - 11 - 21 = l. What is the units digit of 17/5 - t/(-20)?
3
Suppose -c + t = 7, 3*c + t = -5 - 4. Let u(z) = 6*z - 3 + 2*z**2 + 4 + 4. What is the tens digit of u(c)?
1
Let q(g) = g**3 + 5*g**2 - 2*g - 2. Let v be q(-5). Let k = v - -7. What is the units digit of k/(-6)*6/(-5)?
3
Let g be (-14)/(-6) - (-1)/(-3). Let n(q) = q**2 - q + 2. Let m be n(2). Suppose 5*h = -g*i + 39, -m*i + 22 + 32 = 2*h. What is the tens digit of i?
1
Suppose 2*u = -t + 2*t - 5, 7 = -4*u + 5*t. What is the units digit of -3 + 0 - -1 - u?
1
Suppose -2*h + 3*h = -5*u + 1628, -662 = -2*u + 5*h. What is the tens digit of u?
2
Let b = -17 + 21. Suppose 124 = 6*w - 2*w - 4*h, 2*w - b*h - 62 = 0. What is the units digit of w?
1
Let m = -5 + 8. Suppose m*t - 12 = -t. What is the units digit of -5*(-5)/(25/t)?
3
Suppose 5*u = 28 - 8. Suppose -3*l + 19 = 4*m, u = -3*l - m + 11. What is the units digit of l?
1
What is the units digit of (-7)/(28/15)*80/(-6)?
0
Suppose 153 = 3*b + 3*i, b - i + 0*i - 51 = 0. What is the units digit of b?
1
Let k(t) = -t**2 - 14*t + 4. What is the units digit of k(-10)?
4
Let g(u) = -u**2 + 22*u + 4. What is the units digit of g(17)?
9
Let u(j) = j**2 + 6*j - 5. Let t be u(-7). Suppose p + 0*p - t = 0. Suppose z - p = -0*z. What is the units digit of z?
2
Let h(f) = -9*f**3 - f**2 - f - 1. Let p = -8 - -7. What is the units digit of h(p)?
8
Let y(q) = -5*q + 3*q + 0*q + 2 + 3*q. What is the units digit of y(6)?
8
Suppose 2*h = 3*h - 3. Suppose 10 = 5*l, 0 = 3*q - h*l - 4 - 5. Suppose -4*i + 28 = 4*k, -5*k - 4*i + q*i + 5 = 0. What is the units digit of k?
2
Suppose 4*q + 2*i + 3*i = 281, 0 = 4*q - 2*i - 274. What is the units digit of q?
9
Let k(g) be the third derivative of g**4/8 - g**3/2 + 5*g**2. What is the tens digit of k(8)?
2
Let q = -104 + 218. What is the hundreds digit of q?
1
Let z(n) = -n**2 + 0 + 3 - 10 + 17*n. What is the units digit of z(16)?
9
Let r be (-2)/(-2) + 30 + 3. What is the units digit of (-1)/(-5) + r/5?
7
What is the units digit of 142/5 - 6/(-10)?
9
Suppose 0 = 3*d - 4*t + 11 - 62, 0 = -2*d - 5*t + 34. What is the tens digit of d?
1
Suppose -3*q - 2*q = 10. Let k(b) = -2*b + 1. Let g be k(q). Suppose -v - v + g*u = -6, 5*v + 3*u - 15 = 0. What is the units digit of v?
3
Let k = -7 + 16. What is the units digit of k?
9
Let h = 13 - 13. Suppose 0 = -h*a - 4*a + 2*o + 86, 2*o + 23 = a. What is the tens digit of a?
2
Suppose -179 = 13*d - 4079. What is the tens digit of d?
0
Let x(l) = -l**2 + 8*l - 2. Let p be 3/12*7*4. What is the units digit of x(p)?
5
Suppose -5*c - 3*k - 10 = 0, 0*c - 4*k - 18 = 2*c. What is the tens digit of c - -12 - (9 + -9)?
1
Let k = 12 + 43. What is the tens digit of k?
5
Let r = 2 + 3. Suppose 9 = r*k - 6. Suppose -5*g - 33 = -o, -96 = -k*o - 2*o + 2*g. What is the units digit of o?
8
Let h(j) = -2 - 12 - 7*j + 0 - 9*j**2 + j**3. What is the units digit of h(10)?
6
What is the units digit of (-6)/(-15) + (-324)/(-15)?
2
Let u(j) = -j + 10. Let i be u(0). Let b be 64/i + 8/(-20). Suppose b = w + w. What is the units digit of w?
3
Suppose -2*g + 4*g - 34 = 0. Let f(c) = -10*c**2 - 3*c - 7. Let x(r) = -29*r**2 - 8*r - 20. Let m(q) = g*f(q) - 6*x(q). What is the tens digit of m(2)?
1
Let o(l) = -l**3 + 2*l**2 + 4*l. Let k be o(3). Suppose 35 = 5*v - k*s, -3*v - 1 = -5*s - 6. What is the units digit of v?
0
Let v be ((-945)/20)/((-2)/32). What is the units digit of v/49 + (-6)/14?
5
Let k = 109 + -19. What is the tens digit of k?
9
Let l be 1 + (4/(-2))/2. Suppose -5*h + 3*h - 5*g = -10, -5*h + 5*g - 10 = l. Suppose h = 3*j + j - 20. What is the units digit of j?
5
Let o = 0 - -1. Suppose 2*m = -m - 4*k, 0 = -2*m - 3*k + o. What is the units digit of (-2 + 1)*(m - 3)?
7
Let o(w) = -w**2 + 7*w - 3. Let c be (-28)/(-5) + (-10)/(-25). Let m be o(c). Suppose 4*p + z - 20 = 0, -m = -5*p - 2*z + 19. What is the units digit of p?
6
Suppose -5*p = r - 38, 7*p = 3*r + 3*p - 95. What is the units digit of r?
3
Suppose 3*o = -101 + 269. Let l = o + -28. What is the units digit of l?
8
Suppose -u - u = -4*a - 6, -13 = -3*a - 2*u. What is the units digit of a?
1
Suppose 5*v - 157 = -4*p, -3*v + 136 = v - 2*p. What is the units digit of v?
3
Let t = -85 + 230. What is the tens digit of t?
4
Suppose 2*r - 4 = 3*r. Let p = -3 + 3. Let x = p - r. What is the units digit of x?
4
Let l be 3 - (-3 + 2 - -3). Let d(g) = -4*g - 1. Let x be d(l). Let r = x + 6. What is the units digit of r?
1
Suppose -3*m = 9, -p + m = p - 21. What is the units digit of p?
9
Let d(x) = -x**2 - 5*x + 8. Let o be d(-6). Suppose -5*y + h = -o*h - 32, -h + 8 = 3*y. Let n(i) = i**2 - 4*i + 3. What is the units digit of n(y)?
3
Let k(r) = -r**2 + 6 - r**2 - r + 3*r**2. What is the units digit of k(0)?
6
Let g be 12/9 - 4/(-6). Suppose -4*l + 118 = -g*b, -4*b + 3*b + 53 = 2*l. Let a = 41 - l. What is the units digit of a?
3
Let r = 12 + -8. Suppose -2*u - r*w = -6*u + 100, -4*u + 88 = 2*w. What is the units digit of u?
3
Let g be 124/4 + (0 - 0). Suppose -2*o + 5*t = -61, 3*o = -2*t + g + 13. What is the units digit of o?
8
Let f(n) = 96*n**2 - 2*n - 1. Let d be f(-1). Suppose -3*o + d = 19. What is the tens digit of o?
2
Let m(o) = o**3 + 9*o**2 + 2*o - 4. Let t be m(-6). Suppose -t = -2*p - 22. What is the tens digit of p?
3
Let t = -6 + 6. Suppose -5*y + t*u = u - 13, -4*u = -3*y - 6. What is the units digit of y?
2
